). Give r(6).
-3
Let s(h) be the third derivative of h**7/168 + h**6/180 + h**5/60 - h**4/8 + 179*h**3/6 + 2*h**2 - 9. Let x(v) be the first derivative of s(v). Determine x(1).
6
Let s(i) = -3*i + 36. Let d be 0*18*(-11)/(-1980). Give s(d).
36
Suppose 29*g = -165 + 1412. Suppose -m = -4*s - 4*m + g, 0 = -5*m - 15. Let b(p) = -p**2 + 16*p - 3. Give b(s).
36
Let x(z) be the first derivative of 2*z**2 + 73*z + 837. Calculate x(-21).
-11
Let q be (3/(-15))/(18/(-450)). Suppose 4*s + 4 = 0, 2*j - j - 11 = q*s. Let f(x) = 4*x - 9. Calculate f(j).
15
Let c(q) be the first derivative of 15*q**2/2 + 3*q + 854. Give c(2).
33
Let t be (-13 - (-1 + -24))/3. Let y(l) = -2*l**3 + 7*l**2 + 2*l + 3. Give y(t).
-5
Let a = -114 + 116. Suppose -11 = a*f - 5*y, 27 + 31 = -4*f - 2*y. Let k(c) = -c**3 - 13*c**2 - c - 9. Determine k(f).
4
Let s(g) = 61*g**3 + 871*g - 59*g**3 + 2*g**2 - 876*g. Calculate s(-4).
-76
Let p = -9 + 6. Let c(z) = 12*z + 7. Let n(d) = -9*d - 6. Let f(r) = -9*r - 6. Let g(a) = 5*f(a) - 6*n(a). Let h(u) = 2*c(u) - 3*g(u). Determine h(p).
5
Let d(i) = 2*i**2 - 9*i - 1. Let r be (-17)/(-19) - (-14 + (-264)/(-19)). Let j be (2/4)/((-3)/(-41 - r)). What is d(j)?
34
Let w be ((-144)/45 - -6)*-5 + 9. Let i(l) = 4*l**2 + 3*l - 10. Determine i(w).
75
Let p(b) = b**3 - 23*b**2 + 24*b - 35. Let l be (-1 - -24) + -4 + 11 + (4 - 12). Give p(l).
9
Let b be (6/(-10))/(-1) + (-26619)/(-2335). Let d(h) = h - 14. Determine d(b).
-2
Let p(u) = 2*u + 11 - 38 + 6 + 2*u + 22 + 38*u**2. Determine p(-1).
35
Suppose 2*j = -2*j. Let d(y) = -2*y**3 - 8*y**2 + 20*y - 15. Let z be d(-6). Let x(i) = 6*i + 16*i + 8*i - 29*i + z. Calculate x(j).
9
Suppose 3*z - 49 = -5*f, -5*z + 0*f = -2*f - 92. Let k(o) = z*o + 215*o**3 - 24*o - 2 - 214*o**3 + 4*o**2. What is k(-5)?
3
Let w(i) = -2*i**2 + 8*i - 25. Let k(m) = 4*m**2 - 11*m + 37. Let c(l) = 2*k(l) + 3*w(l). Calculate c(-4).
23
Let w = 2485 - 2478. Let d(b) = -10*b + 307 + 304 + b**2 - 613. Calculate d(w).
-23
Let y(g) be the third derivative of -13*g**4/24 + 44*g**3/3 - 2*g**2 + 65. What is y(6)?
10
Let c(a) = 2*a**3 - 4*a**2 + a + 2. Let b(z) = z**3 + 10*z**2 - 4*z - 7. Let f = -99 - -90. Let v be b(f). Let s = 112 - v. What is c(s)?
4
Let m(z) = 7*z**2 + 57*z - 1684. Let w be m(12). Let d(y) = -y + 10*y + y**3 + 1 - 2*y**3 + 7*y**2. What is d(w)?
9
Let b = 12701 + -12662. Let z(x) = 4*x - 166. What is z(b)?
-10
Suppose -4*a - 8 = 0, 3*a = -5*g + 13 - 9. Suppose g*d = -2*d - 16. Let m(o) be the third derivative of o**5/60 + 5*o**4/24 + 5*o**3/6 - 4*o**2. Calculate m(d).
1
Suppose 0 = 7*m - 17*m - 40. Let c be 3 + -6 - 2*(3 + m). Let q(g) = -1. Let p(u) = 21*u + 2. Let i(a) = -p(a) - 3*q(a). What is i(c)?
22
Let b = -561 + 555. Let z(l) = -2*l**2 - 6*l - 5. Let r(o) = -o**2 - 2*o - 2. Let h(x) = 5*r(x) - 2*z(x). Give h(b).
-48
Let h be (-4)/(-16) - (-51)/4. Suppose -h*s + 28 + 11 = 0. Let y(p) = 64*p**2 - 31*p**2 - s - 32*p**2. Calculate y(0).
-3
Let y be (1 + 5)*((-12)/3)/4. Let w be (y - -4) + 3/(-3) - -7. Let n(z) = -5*z**2 + z**2 + 6 - 5*z + 2*z**2 + 3*z**2. Determine n(w).
2
Let c(s) = s**2 - 24*s + 6. Let j(w) = 5*w**2 + 51*w + 71. Let y be j(-9). Give c(y).
-113
Let t(s) be the second derivative of 5/12*s**4 - 28*s - 1/6*s**3 - 1/20*s**5 - 3/2*s**2 + 0. Let g = -140 + 143. Calculate t(g).
12
Let m = -13332 - -13335. Let x(u) = 4*u**2 - 2*u + 2*u**3 - 2 - 3*u**3 + 5. Determine x(m).
6
Let l = 67 - 63. Suppose -l = -6*o - 4. Let t(p) = p**3 + o - p**2 - 2*p + p + 5*p**2 - 1. Determine t(-4).
3
Let o(t) = 1. Let l(r) = -16*r. Let a(g) = -l(g) - o(g). Suppose -4*q + c + 4 = 0, 54*c = q + 56*c - 1. What is a(q)?
15
Suppose 0 = 89*i - 45419 + 45152. Let r(a) = -12*a + 6 + a - 3. Calculate r(i).
-30
Let h(d) = -d**3 + d. Let x(t) = 2 + 3 + 8*t**3 - 8*t - 3*t**3 + 0*t. Let i(r) = -6*h(r) - x(r). Let o be i(0). Let k(b) = b**2 + 4*b + 4. Determine k(o).
9
Let m be 2/3 - ((-171)/27 + 11). Let v(i) be the second derivative of -i**3/6 + 2*i**2 + 4*i. Calculate v(m).
8
Let z(d) = d**2 + 7*d + 5. Let c(j) = 28*j**3 - 29*j**3 - 30 - 20*j - 62*j**2 + 39*j**2. Let a be c(-22). Let x = a - -67. Determine z(x).
5
Let a be (9/((-54)/20))/((-2)/3). Let b(t) = -214*t + 19 - 214*t + 647*t - 222*t. Give b(a).
4
Let y(f) = -3*f**2 - 15*f + 10. Let s(n) = 7*n**3 + 6*n**2 - 8*n - 13. Let v be s(-1). Give y(v).
-8
Let i(a) be the first derivative of 3*a**4/4 + 4*a**3 + a**2/2 + 4*a - 1202. Calculate i(-4).
0
Let i(t) = -t**2 - 10*t + 3. Let n be (36/21)/4 - (-984)/56. Suppose 15*x = n*x + 27. Calculate i(x).
12
Let p(w) be the third derivative of -w**5/60 - 13*w**4/24 - 23*w**3/6 - 2873*w**2. Give p(-10).
7
Let u(a) = -a**2 + 2*a + 13. Let i(n) = -508*n + 5085. Let v be i(10). Determine u(v).
-2
Let m(q) = -q**3 + 3*q**2 + q - 7. Let a be m(3). Let y(h) = -18*h + 14. Let u(g) = g - 1. Let r(t) = -48*u(t) - 3*y(t). What is r(a)?
-18
Suppose -5*j = -2*a + 2, -4*a - 5*j = -0*a + 56. Let p(r) = -r**2 - 11*r - 16. Let g(d) = -d**2 - 11*d - 19. Let m(c) = -6*g(c) + 7*p(c). What is m(a)?
20
Suppose -10*k - 20 = -70. Let u(o) be the second derivative of o**5/20 - o**4/2 + o**3/3 - o**2 - 86*o. Calculate u(k).
-17
Let r(s) = 2*s - 7. Suppose 14*v = v - 3692. Let n = v - -295. Determine r(n).
15
Let g = -2326 + 2332. Let a(y) = y**3 - 7*y**2 + 4*y + 17. What is a(g)?
5
Suppose -36 = -c + 9. Suppose -14*b + c = -19*b. Let g(j) be the first derivative of -j**3/3 - 4*j**2 + 12*j + 1. Determine g(b).
3
Let d be (-10)/(-4)*8/(-12) + (-22)/(-33). Let m(f) = -14*f**3 - 3*f**2 - 4*f - 2. Determine m(d).
13
Let m(v) = 3*v - 313. Let t be m(38). Let l = -193 - t. Let d(n) = -2*n - 3 - 2*n**2 + 3*n**2 + 5. Determine d(l).
26
Let p(g) = -g**3 - 11*g**2 - 9*g + 7. Suppose 0 = 4*u + c + 37, 5*c = -10*u + 12*u + 35. What is p(u)?
-3
Let j = 51 + -40. Let n(u) be the second derivative of -u**5/20 + u**4 - 11*u**3/6 + 3*u**2/2 - 2506*u. Give n(j).
3
Let u(q) = -17. Let o(f) = -14. Let l(g) = -6*o(g) + 5*u(g). Let z(b) = b**2 + 10*b - 2. Let w(j) = 4*l(j) - z(j). Give w(-7).
19
Let r(n) = -n**2 - n**3 + 6*n**2 - 6 + 2. Suppose f = 0, 2*f = 5*h + 7 + 8. Let t be ((-9)/18)/(h/30). What is r(t)?
-4
Let p(b) = 1 - 8 - b - 6*b + 3*b**2 + 0 + 5*b. Determine p(3).
14
Let u(k) = 2*k**2 + 228*k**3 + 18*k - 229*k**3 - 10*k - 10. What is u(4)?
-10
Let h(x) = -x**2 - 6*x - 5. Let l be h(-5). Let k(m) be the second derivative of -m**4/12 - m**3/6 + 9*m**2 + 2612*m. What is k(l)?
18
Let l(o) = 3*o**2 + 23*o - 7. Let d(i) = 8*i**2 + 44*i - 13. Let k(a) = 2*d(a) - 5*l(a). Determine k(27).
9
Let r(f) = -9*f**3 + 6*f**2 - 2. Let j(p) = -6*p**3 + 4*p**2 - 1. Let y(g) = 8*j(g) - 5*r(g). Suppose -72 + 56 = -8*c. What is y(c)?
-14
Let q = 210 - 215. Let o(v) = -6*v**2 - 27*v + 9. Let m be o(q). Let d(x) = 5*x + 7. Calculate d(m).
-23
Suppose -58 + 7 = 40*p + 109. Let l(f) = f**3 - 5*f**2 - 10*f - 2. Determine l(p).
-106
Let n(z) = -z + 8. Suppose 4*f - 65*l + 61*l = 68, 3*l + 66 = 4*f. Determine n(f).
-7
Let w(s) = s**3 + s**2 - s. Let h be w(0). Let u = 0 + h. Let i(f) = 2*f**2 - 1. Let z(j) = 11*j**2 - 15. Let o(p) = 5*i(p) - z(p). Give o(u).
10
Let t(q) = -q**2 + 2*q + 6*q + 1 - 3. Let d be 89/13 + (11/((-1716)/288) - -2). Give t(d).
5
Let h(f) be the second derivative of -6 + 5/6*f**3 + 1/12*f**4 + f - 4*f**2. Let s(k) = -2*k**2 - k. Let z be s(-2). Give h(z).
-2
Let q(a) = -21*a - 75. Suppose 0 = 4*d - 4*s + 28, -d - 3*s = 4*d + 3. Calculate q(d).
-12
Let y(h) = 15*h**2 + 3*h - 2. Let x(l) = 49*l**2 + 10*l - 5. Let k(w) = -2*x(w) + 7*y(w). Calculate k(3).
62
Suppose 5*z = 2*r + 3, 4*z = 2*r + 2*r - 12. Let c be 5/((-25)/(-40))*r/8. Let g(y) be the first derivative of y**2/2 + 7*y + 2. Determine g(c).
13
Suppose -1294*k + 823*k + 11775 = 0. Let o(t) = 16*t - 393. Determine o(k).
7
Suppose 155*d - 300 = -777 - 298. Let g(a) be the third derivative of -a**6/120 - a**5/20 + 5*a**4/24 + a**3/2 - a**2. What is g(d)?
28
Let a(y) = -3*y - 2 + 11*y - y - 5*y. Let n be (-3)/(-12) - (0 - 796/16). Let q be (40/n)/(1 + (-4)/5). Calculate a(q).
6
Let k(q) = -q + 10. Let m(i) = -2*i - 4. Let b(u) = 3*k(u) - 4*m(u). What is b(-8)?
6
Let b(w) = w**3 - 10*w**2 + 16*w - 64. Let k be b(9). Let u(f) = -35*f**2 - 14*f + 14. Let t(d) = -7*d**2 - 3*d + 3. Let l(z) = 14*t(z) - 3*u(z). What is l(k)?
7
Let j 